d**5/15 - d**4/24 + d**3/6 - d**2. Calculate g(a).
-8
Suppose -4*x - 3*y + 9 = 0, -5*x + 0*y - 3*y = -9. Let w(d) = x*d + 6*d**2 + 3*d + 0*d - 2*d + d**3 + 2. Suppose 2*v + 12 = -0*v. Determine w(v).
-4
Let p be ((-144)/(-30))/(-6) + 78/10. Let q(k) = -9*k + p - 7*k - 16*k**2 + 15*k**2. Calculate q(-16).
7
Let i(w) = -w**3 + 15*w**2 + 3*w - 39. Let y be (144/(-576))/((-118)/(-120) - (0 + 1)). Give i(y).
6
Let r(t) = 17*t**3 - 26*t**2 + 58*t - 60. Let i(y) = -5*y**3 + 9*y**2 - 19*y + 16. Let w(q) = -7*i(q) - 2*r(q). What is w(9)?
-1
Let z(x) be the first derivative of x**4/12 + 11*x**3/3 - 31*x**2 + 2*x - 55. Let b(l) be the second derivative of z(l). Calculate b(-10).
2
Suppose -5*v = -1 - 4. Let q be (1 + v)*(-6 - -5). Let k(j) be the first derivative of -2*j**3/3 - j**2/2 - 2*j - 321. What is k(q)?
-8
Suppose -4*p + 96 = -4*m, -m + 30*p - 35*p - 54 = 0. Let w(s) = -s**2 - 25*s + 126. Calculate w(m).
10
Let a be ((-6 - -8) + -1)/(2/12). Let b(x) = 15*x + 142 - 14*x - 148. What is b(a)?
0
Let k = -4 + -2. Let m(o) = -45*o - 16953*o**2 + 16959*o**2 - 4 + 42*o + o**3. Determine m(k).
14
Suppose 19 = -4*m + m - 5*q, 0 = -4*m + q - 33. Let a(k) = 5 - 419*k - 653*k + 1074*k. What is a(m)?
-11
Let n(m) = -24*m + 99. Let l be n(4). Let y(r) = 0*r**3 + 26 - r**l - 22 - 5*r**2 - 4*r + 2*r. What is y(-4)?
-4
Let u = -12 - -14. Let q = -6 - u. Let p(g) = -g + 81 - 21 - 73. Calculate p(q).
-5
Suppose -216*k + 18 = -210*k. Let w(s) = 2*s**k + 1 + 30*s**2 - 16*s**2 - 15*s**2 - 3. Determine w(2).
10
Let t(m) be the second derivative of m**3/2 - 3*m**2/2 + m. Let o(x) = -x**3 - 14*x**2 + 7*x - 126. Let d be o(-15). Let q be d + 9 + (8 - 8). Calculate t(q).
6
Let d(x) be the first derivative of -3*x**4/8 + x**3/2 + 47*x**2/2 + 2*x + 16. Let o(n) be the second derivative of d(n). Calculate o(2).
-15
Let a(s) = s - 8. Let f be (-95 + -4)/9 + -5 - -7. What is a(f)?
-17
Suppose -9*w + 4 = 49. Let m(d) = -d - 10. Let i(n) = -25 + 2*n - 19 + 53. Let v(o) = -3*i(o) - 2*m(o). Give v(w).
13
Let v(g) = -32*g**2 - g + 1. Let m(s) = 63*s**2 - 12*s + 67. Let k(n) = -m(n) - 2*v(n). Calculate k(-18).
3
Suppose z = -3*r - 8, -4*z - 6 = -r - 0. Let j be z*(93/6 - 0). Let v = j + 29. Let q(k) = -4*k - 1. Calculate q(v).
7
Suppose 5*p + 5 = 3*z, -3 = 2*z - 4*z + 3*p. Let g(x) = 6 + 22*x + 25*x + 4*x**2 - 45*x + 17 - 3*x**2. What is g(z)?
23
Let s(x) = 6*x - 17. Suppose 5*d = 4*n - 1, -4*n + 27 - 17 = -2*d. Determine s(d).
1
Let g be -4 - (32/(-18) + 12/(-54)). Let i be (30/6 + -5)/(g - -5). Let w(l) = l**3 - l**2 + 2*l + 4. What is w(i)?
4
Let i(x) = x**2 + 22*x + 64. Let n be (-3 + 6/4)*380/30. What is i(n)?
7
Let q = -2 + 3. Let s(g) = 0*g - 130*g**2 + q - 3 + 2*g + 133*g**2. Let z be (-12 - -6)*(-1)/(-3). Determine s(z).
6
Let f(s) = 4*s**3 - 4*s**2 - 11*s + 2. Let t(v) = 7*v**3 - 8*v**2 - 20*v + 4. Let j(z) = 3*z + 1. Let g be j(-2). Let o(y) = g*f(y) + 3*t(y). Give o(5).
2
Let r(t) be the second derivative of -t**5/20 + 7*t**4/12 - t**3/2 + 39*t**2 - 405*t - 1. Give r(8).
-10
Let a = 20 - 20. Suppose a = 2*t - t + 17. Let n be (-4)/34 + (-2)/t. Let w(o) = o**2 + o + 9. Give w(n).
9
Let d(m) = -15*m - 116. Let s(u) = 6*u**2 - 76*u + 231. Let g be s(7). Calculate d(g).
-11
Let h(x) = -1092 - 5*x + 3255 + 3*x**2 - 3*x - 1087 - 1089. What is h(7)?
78
Suppose -4 = -g - 3. Let s be 3 + g - (-1 - -3). Let i(t) be the second derivative of -7*t**3/6 + t**2 - 3*t - 158. Calculate i(s).
-12
Let r(j) = 3*j - 9. Let g(m) = -2 - 1 - 2*m + 0 + 3*m. Let k = 5 + 6. Let a(x) = k*g(x) - 4*r(x). Determine a(6).
-3
Let b(m) = 15 + 4 - 20*m + 57 + 5 + 6. Give b(4).
7
Let l(g) = -15*g + 1. Suppose 0 = 4*o - 3*f - 9, 4*o - 3*f = -f + 6. Suppose 4*w + 4 = o, 3*y - 47*w = -50*w. What is l(y)?
-14
Let y(p) = -6*p**2 + 66*p - 1. Let v = 17614 - 17603. Determine y(v).
-1
Let b(w) = -w**3 + 14*w**2 - 5*w - 1. Let t(o) = 3*o**2 - o. Let a(j) = -b(j) + 4*t(j). Let d(y) = y**2 - 2*y + 3. Let u be d(2). What is a(u)?
13
Suppose 0 = -3*c - 2*a + 16, 0*a - 11 = 2*c - 3*a. Let n(v) = c + 0 - 2*v - 4 + 5*v. Suppose 115*t = 116*t - 3*m + 18, 0 = 2*m - 10. Calculate n(t).
-11
Let k(n) = n**3 - 8*n**2 + 10*n - 8. Suppose 6477*g = 6512*g - 245. What is k(g)?
13
Let f(m) = m**3 - 7*m**2 + 10*m. Suppose 0 = 3*b - v + 430 - 440, -3*b = 5*v - 40. What is f(b)?
0
Let i(l) = -46*l + 43*l + 14*l + 27. Give i(-9).
-72
Suppose 3*c + 26 = d, -3*c + 6 = -21*d + 24*d. Let g(h) = -2*h + 2 - 3 - 3. Give g(c).
8
Let k(x) = x**2 + 4*x + 5. Let o be 225/(-25)*(-3 - 62/18). Suppose 0 = o*i + 551 - 145. What is k(i)?
26
Let k(l) be the first derivative of -15/2*l**2 - 1/3*l**3 + 13*l + 119. Calculate k(-16).
-3
Let o(s) = -s - 29. Let z be (-4 - 1)/(1/((9 - 15) + 11)). Calculate o(z).
-4
Let q(t) = 2*t**2 + 3*t - 1. Suppose -99 - 37 = -3*u + j, 0 = -5*u + 4*j + 229. Let m be 36/u + (-292)/(-10). Let i be (2/4)/(145/m - 5). Determine q(i).
8
Let d(q) = 17*q**3 - q**2 - 2*q - 1. Let s = 18 + 9. Let y be -3 - 5/(-5)*s. Let j = -25 + y. Determine d(j).
-17
Let v be 34/(-16) - 8/(-64). Let w(h) = 2*h - 13. Let g(z) = -z + 6. Let l(s) = v*w(s) - 5*g(s). Determine l(0).
-4
Let u(z) = -2*z**2 + 3*z - 13. Let l(s) = -s**2 - 4*s - 4. Let k(i) = -l(i) + u(i). Give k(8).
-17
Let x(v) = -v**3 - 11*v**2 + 11*v - 11. Suppose 389 - 293 = -8*n. Determine x(n).
1
Let k(q) be the first derivative of 9*q**2/2 + 12*q - 55. Calculate k(-4).
-24
Let y be 287/(-82)*(-2 + (-4)/(-14)). Let l(c) = -4*c**2 + 6*c - 8. Let f(a) = 7*a**2 - 11*a + 15. Let h(o) = 3*f(o) + 5*l(o). Calculate h(y).
23
Let h = 145 - -121. Let m = h + -274. Let q(l) = l**2 + 10*l + 12. Calculate q(m).
-4
Let q = 240 - 128. Let j = q + -106. Let i(l) = l - 6. Calculate i(j).
0
Let w(o) = o**2 + 7*o - 81. Let c be w(-13). Let i(d) = 3 - 3*d**2 - 3*d**2 + 0*d**2 + 4*d**2. What is i(c)?
-15
Let i be (-3)/18*(-1 - -4)*4. Let j be (-7)/14 - (-21)/i. Let q(y) = y**3 + 12*y**2 + 14*y + 8. Determine q(j).
-25
Let n(y) be the first derivative of -3*y**6/20 - y**5/30 - y**4/24 - 17*y**2 + 2*y - 31. Let g(b) be the second derivative of n(b). Give g(-1).
17
Let n(o) = o**3 - 4*o**2 - 2*o + 5. Let m(t) = 5*t**2 + 8*t - 16. Let i be m(2). Suppose 10*c - 6*c = i. What is n(c)?
20
Let h = -395 - -402. Let c(u) = 2*u**2 - 16*u - 14. Let d(v) = -v**2 + 10*v + 10. Let t(a) = h*d(a) + 5*c(a). Determine t(4).
8
Suppose 4*t - j = -2*j - 16, -j - 4 = 0. Let s(d) = 2 - 4*d + d - 3 + 0*d - d**2. Calculate s(t).
-1
Let m be (-9)/(-6)*8/6. Let u be (-1)/(4/16)*-1. Let z(k) = 5 + 2*k - 7 - u*k. Calculate z(m).
-6
Let j(d) be the second derivative of -29*d**3/6 + 309*d**2/2 + 3053*d. Calculate j(11).
-10
Let f(q) = 6*q + 10. Let p be 0/(5 + (-1 - 2)). Suppose 255*d - 260*d - 35 = p. Give f(d).
-32
Suppose -55*k + 111*k - 288 = 62*k. Let f(y) = -8*y - 384. Calculate f(k).
0
Let b = -8937 - -8935. Let d(f) = -5*f**2 - 7*f - 4. Determine d(b).
-10
Let b(h) = h**2 + 3*h - 4. Suppose -4*v + 27 = -v - 4*g, -3*g = 3*v - 6. Suppose -21 = -2*f - 3*t, -2*f + 3*t + 12 = -3. Suppose -f - 16 = v*w. Calculate b(w).
6
Let o(w) = 7 + 10 - 95 + 3*w**3 - w**2 - 2*w**3 - 9. What is o(0)?
-87
Let p be 96/72 + (-3)/((-27)/6). Suppose -16*g - p*d = -19*g - 20, -5*g = -4*d + 36. Let q(t) = -t**2 - 2. What is q(g)?
-18
Let b(y) = y**2 + 6*y + 2. Let f be b(-6). Let p(a) = -2*a + 1 - 52*a**2 + 1 + 6*a**3 + 4*a**2 + 46*a**2. Determine p(f).
38
Let u = 81 + -74. Let h(a) = -a**3 + u*a - 7*a**2 - 601 + 599 - 9*a. Give h(-7).
12
Suppose -63*s + 53*s + 220 = 0. Suppose -8*o + 18 = -s. Let u(y) = -y**3 + 4*y**2 + 5*y + 2. Calculate u(o).
2
Let i = 4 + -9. Let x(m) = 11*m - 5. Let f(n) be the first derivative of n**2 - n + 118. Let k(g) = -5*f(g) + x(g). What is k(i)?
-5
Let v(a) be the first derivative of -4*a**3 + 17*a + 1/2*a**2 - 1/4*a**4 - 48. What is v(-12)?
5
Let j(w) = 4*w + 53. Let g be j(-12). Let o(c) = -6*c**2 + 8 + 136*c + g*c**2 - 127*c. Let l = 23 + -14. Calculate o(l).
8
Let t(j) = -1. Let i(z) = 20*z + 2. Let a(f) = -i(f) - 3*t(f). Let p be 14*2/(-4)*351/(-91). Suppose p*s = -20 - 7. Give a(s).
21
Let u(x) = x**3 + 3*x**2 - 5*x + 6. Let v be 1426/(-207) + (148/(-36) - -4). What is u(v)?
-155
Let y = -68036 - -68033. Suppose 0 = -5*d - 4*w + 3 - 18, -5*w = -d + 26. Let f(r) = 1 - 5*r - r**2 + d + r. Determine f(y).
5
Suppose -5